3237 is divided by 229.
31
What is the remainder when 3848 is divided by 922?
160
What is the remainder when 757 is divided by 497?
260
Calculate the remainder when 44164 is divided by 3396.
16
Calculate the remainder when 1399 is divided by 108.
103
What is the remainder when 33211 is divided by 455?
451
Calculate the remainder when 22015 is divided by 500.
15
Calculate the remainder when 101502 is divided by 54.
36
Calculate the remainder when 380634 is divided by 13594.
2
Calculate the remainder when 857 is divided by 49.
24
Calculate the remainder when 18816 is divided by 194.
192
What is the remainder when 1862 is divided by 200?
62
Calculate the remainder when 16717 is divided by 44.
41
Calculate the remainder when 34882 is divided by 25.
7
Calculate the remainder when 2065 is divided by 46.
41
What is the remainder when 564 is divided by 285?
279
What is the remainder when 49594 is divided by 93?
25
Calculate the remainder when 212680 is divided by 5.
0
Calculate the remainder when 2563 is divided by 448.
323
What is the remainder when 21606 is divided by 10797?
12
What is the remainder when 233755 is divided by 120?
115
What is the remainder when 50351 is divided by 10043?
136
What is the remainder when 2685 is divided by 2574?
111
What is the remainder when 6042 is divided by 2001?
39
Calculate the remainder when 8858 is divided by 3913.
1032
What is the remainder when 64145 is divided by 92?
21
What is the remainder when 21315 is divided by 102?
99
What is the remainder when 34723 is divided by 2670?
13
What is the remainder when 31283 is divided by 14?
7
Calculate the remainder when 47604 is divided by 115.
109
What is the remainder when 1012 is divided by 257?
241
Calculate the remainder when 7236 is divided by 47.
45
Calculate the remainder when 92471 is divided by 23059.
235
What is the remainder when 86887 is divided by 395?
382
Calculate the remainder when 388761 is divided by 99.
87
Calculate the remainder when 19954 is divided by 44.
22
Calculate the remainder when 2238 is divided by 188.
170
What is the remainder when 16352 is divided by 3266?
22
Calculate the remainder when 12782 is divided by 261.
254
Calculate the remainder when 7372 is divided by 184.
12
What is the remainder when 5065007 is divided by 24?
23
Calculate the remainder when 4124 is divided by 708.
584
Calculate the remainder when 841353 is divided by 11218.
3
What is the remainder when 8446 is divided by 8429?
17
What is the remainder when 1033 is divided by 124?
41
Calculate the remainder when 6094 is divided by 184.
22
What is the remainder when 5136 is divided by 5023?
113
Calculate the remainder when 187 is divided by 104.
83
What is the remainder when 419 is divided by 119?
62
What is the remainder when 163053 is divided by 27175?
3
Calculate the remainder when 1321 is divided by 34.
29
What is the remainder when 2507440 is divided by 681?
679
Calculate the remainder when 3673 is divided by 860.
233
What is the remainder when 2144 is divided by 533?
12
What is the remainder when 2600 is divided by 863?
11
What is the remainder when 160439 is divided by 84?
83
Calculate the remainder when 753604 is divided by 57968.
20
What is the remainder when 368548 is divided by 630?
628
Calculate the remainder when 7698 is divided by 67.
60
What is the remainder when 25135 is divided by 57?
55
What is the remainder when 12293 is divided by 1545?
1478
What is the remainder when 4033 is divided by 1828?
377
Calculate the remainder when 1871187 is divided by 1012.
1011
Calculate the remainder when 1839 is divided by 187.
156
What is the remainder when 4108 is divided by 50?
8
What is the remainder when 4533 is divided by 226?
13
What is the remainder when 529538 is divided by 55?
53
Calculate the remainder when 80687 is divided by 164.
163
Calculate the remainder when 7629113 is divided by 29.
25
Calculate the remainder when 9615 is divided by 688.
671
What is the remainder when 11076 is divided by 195?
156
Calculate the remainder when 89227 is divided by 528.
523
Calculate the remainder when 23167 is divided by 5782.
39
What is the remainder when 5447 is divided by 2?
1
What is the remainder when 42907 is divided by 32?
27
What is the remainder when 35558 is divided by 17692?
174
Calculate the remainder when 5966 is divided by 166.
156
Calculate the remainder when 134787 is divided by 228.
39
What is the remainder when 35838 is divided by 13?
10
What is the remainder when 1732 is divided by 214?
20
What is the remainder when 960683 is divided by 69?
65
Calculate the remainder when 1070296 is divided by 110.
106
What is the remainder when 15222 is divided by 1265?
42
What is the remainder when 62313 is divided by 320?
233
What is the remainder when 406 is divided by 367?
39
What is the remainder when 7800 is divided by 81?
24
Calculate the remainder when 1379018 is divided by 722.
720
Calculate the remainder when 4652 is divided by 1163.
0
What is the remainder when 155860 is divided by 190?
60
Calculate the remainder when 21166 is divided by 962.
2
What is the remainder when 154421 is divided by 77203?
15
What is the remainder when 93800 is divided by 19?
16
Calculate the remainder when 695575 is divided by 7.
6
Calculate the remainder when 5872 is divided by 90.
22
Calculate the remainder when 29374 is divided by 2669.
15
What is the remainder when 1274 is divided by 5?
4
What is the remainder when 6790 is divided by 425?
415
What is the remainder when 2306 is divided by 61?
49
What is the remainder when 23007 is divided by 25?
7
Calculate the remainder when 16256 is divided by 101.
96
What is the remainder when 19089 is divided by 532?
469
What is the remainder when 93035 is divided by 990?
965
Calculate the remainder when 2552 is divided by 626.
48
Calculate the remainder when 14656 is divided by 7096.
464
Calculate the remainder when 1910 is divided by 220.
150
Calculate the remainder when 12088 is divided by 2000.
88
Calculate the remainder when 1791076 is divided by 597025.
1
Calculate the remainder when 142452 is divided by 486.
54
What is the remainder when 933843 is divided by 101?
98
What is the remainder when 23395 is divided by 27?
13
What is the remainder when 12260 is divided by 4080?
20
Calculate the remainder when 3783 is divided by 645.
558
What is the remainder when 701 is divided by 433?
268
What is the remainder when 253773 is divided by 20?
13
Calculate the remainder when 58587 is divided by 189.
186
Calculate the remainder when 9603 is divided by 753.
567
What is the remainder when 65819 is divided by 374?
369
Calculate the remainder when 3084 is divided by 766.
20
What is the remainder when 240154 is divided by 698?
42
Calculate the remainder when 93480 is divided by 13.
10
What is the remainder when 292401 is divided by 2232?
9
What is the remainder when 690 is divided by 38?
6
What is the remainder when 643 is divided by 275?
93
What is the remainder when 39626 is divided by 1278?
8
Calculate the remainder when 242429 is divided by 26935.
14
What is the remainder when 91514 is divided by 91490?
24
What is the remainder when 459519 is divided by 320?
319
Calculate the remainder when 922 is divided by 59.
37
What is the remainder when 23628 is divided by 24?
12
Calculate the remainder when 400528 is divided by 41.
40
What is the remainder when 105043 is divided by 35?
8
What is the remainder when 2537846 is divided by 1268920?
6
Calculate the remainder when 8387 is divided by 107.
41
What is the remainder when 23153 is divided by 227?
226
Calculate the remainder when 1153 is divided by 68.
65
Calculate the remainder when 3166 is divided by 145.
121
What is the remainder when 5779 is divided by 996?
799
Calculate the remainder when 1495 is divided by 180.
55
What is the remainder when 2627 is divided by 62?
23
Calculate the remainder when 4281 is divided by 2134.
13
Calculate the remainder when 4830 is divided by 137.
35
Calculate the remainder when 167438 is divided by 1329.
1313
Calculate the remainder when 38195 is divided by 9499.
199
What is the remainder when 7518 is divided by 395?
13
Calculate the remainder when 50097 is divided by 432.
417
Calculate the remainder when 47512 is divided by 288.
280
What is the remainder when 1374 is 